9
Let i(t) be the second derivative of 5*t + 0*t**2 + 0 - 1/6*t**3. Suppose 0 = g + 4*g + 20. Give i(g).
4
Let h(w) = 4*w + 5. Let d(y) = -3. Let c(k) = 4. Let q(p) = 4*c(p) + 5*d(p). Let n(r) = -h(r) + 4*q(r). What is n(2)?
-9
Let q(a) = 2*a - 25. Suppose 3*b = 2*k + 58, 7*b + 54 = 11*b + 2*k. What is q(b)?
7
Let z be (-5)/(-25) + -1 - (-96)/20. Let x(k) be the third derivative of -1/60*k**5 - 1/6*k**z - 6*k**2 + k**3 + 0 + 0*k. Calculate x(-6).
-6
Let f(j) be the first derivative of -j**2 + 31. What is f(-1)?
2
Suppose 4*f - 12 = f. Let b(d) = -d**2 + 24*d + 31. Let i be b(24). Let c(s) = -3 - i*s + 5*s + 15*s + 12*s. Give c(f).
1
Let q = 31 - 21. Let n(w) = w**2 - 12*w + 24. Calculate n(q).
4
Let p = 15 + -19. Let s be p/(-5) + 252/35. Suppose -s - 2 = 5*k. Let r(o) = o**2 + o - 2. Give r(k).
0
Let y(f) = -f**2 + 2*f + 4. Let q = -46 + 47. Let s be q*(7 - 3 - 1). Give y(s).
1
Let y(a) = 13 + 7*a**2 - 63*a**3 - 60*a**3 + 7*a + 120*a**3 - 2*a. Let b(n) = -2*n**3 + 5*n**2 + 3*n + 9. Let h(s) = 8*b(s) - 5*y(s). What is h(5)?
2
Let a(v) be the third derivative of 10*v**2 + 0 + 0*v - 1/6*v**3 + 1/24*v**4 - 1/30*v**5. Suppose -3*b + g = -3*g + 17, -5*g + 24 = -b. Calculate a(b).
-2
Suppose p + 2*g = -4, -2*p - 4*g - 24 = -4*p. Let u(n) = -n**2 + 2*n + 12. Let d be u(p). Let w(a) = -2*a + 3. Calculate w(d).
-5
Let l(s) = -4*s + 5. Suppose -2*o - 24 = -3*k - 23, 0 = -3*k - 5*o - 34. Give l(k).
17
Let a(n) = 5*n**2 + 4*n - 2. Let d(u) = -9*u**2 - 11 + 14 - 6*u - 2*u. Let v(r) = -5*a(r) - 3*d(r). What is v(-3)?
7
Let b be (36/15)/((-26)/(-65)). Let s(z) = z**3 - 5*z**2 - 3*z - 6. Determine s(b).
12
Let n be 48/20 - (-4)/(-10). Let d(j) = j**3 + 9*j**2 + 7*j - 6. Let o be d(-8). Let c(r) = -13*r - r**n + 11*r - 3 + 2*r**o. Give c(4).
5
Let n(z) = -50*z. Let u be n(1). Let t be u/13 + 14/(-91). Let r(p) = 8 + p + p - 3. Calculate r(t).
-3
Let c(i) = -i**3 + 5*i**2 - 5*i + 1. Let o = 61 + -54. Let s be (-6 - -2) + o - -1. Determine c(s).
-3
Let q(p) = -8*p**3 + 1. Let u be q(1). Suppose 0 = -6*k + 11 - 5. Let o be 1*(k - 4) - u. Let x(r) = -r + 2. What is x(o)?
-2
Let m(f) = -2*f - 4. Suppose 0 = -2*n - 5*x + 8, 5 = 2*n + 4*x + 1. What is m(n)?
8
Let f be 2/10 + 26/(-5). Let q be (-2 - -7)/(f/(-2)). Let s(o) = -o**q - 2*o - 3*o + 4*o + 8. Calculate s(0).
8
Let y = 80 - 80. Let j(b) be the second derivative of 13/2*b**2 + 0 - 1/6*b**3 - 1/12*b**4 + 4*b. Give j(y).
13
Let l(f) = 5*f + 3. Let r(n) = 6*n + 1. Let y(d) = 5*l(d) - 4*r(d). Give y(-8).
3
Let k(t) = 9*t**2 - 4*t + 10. Let a(x) = 10*x**2 - 4*x + 11. Let p(y) = 5*a(y) - 6*k(y). Let i(l) = 2*l**2 - 2*l + 3. Let r(s) = 7*i(s) + 4*p(s). Give r(2).
-3
Let w(j) be the third derivative of 7*j**6/360 - j**5/120 + j**4/24 + j**3/3 - 15*j**2. Let s(f) be the first derivative of w(f). What is s(1)?
7
Let n(r) be the second derivative of -r**5/60 - r**4/6 + 7*r**3/6 + 7*r**2 - 17*r. Let k(c) be the first derivative of n(c). Calculate k(-6).
-5
Suppose 16*w - 2*w = 0. Let x(o) = -o**2 + 4*o. Let a be x(w). Let l(m) = m + 5. Give l(a).
5
Let j(o) be the third derivative of 11*o**4/24 + o**3/3 + 9*o**2. Let f = -100 + 102. Calculate j(f).
24
Let w(p) = -4*p**2 - p + 2. Let q be 1 + 8/(-24)*9. Give w(q).
-12
Let w(i) be the first derivative of -i**3/3 - 3*i**2/2 - 2*i + 1. Let x be (1 + (5 - 6))/(-1). Suppose x = -3*s + 20*s + 68. Calculate w(s).
-6
Let h(l) = -2*l**2 + 11*l + 2. Let f be h(5). Let i(b) be the third derivative of b**5/60 - 5*b**4/12 + 5*b**3/3 + 5*b**2 - 8*b. Determine i(f).
-11
Suppose -3*j = 2*q - 7, 4*q + 2 = j - 5. Let k(w) = -4 + 6 - w**j - 4 + 3. Determine k(0).
1
Suppose -3 = 2*t - 9. Let n be (1 - 2/(-3))*(15 - 12). Let o(d) = 1 + n - d - 5. Give o(t).
-2
Let v(l) = l**3 + 3*l**2 - l + 2. Let h be (-2*3)/((-3)/(-9)). Let w = 16 + h. Determine v(w).
8
Suppose -12*n + 166 = 142. Let t(p) be the first derivative of 3 + p**n + 4/3*p**3 - 1/4*p**4 - p. Calculate t(4).
7
Let q(s) be the third derivative of s**5/10 - s**4/24 + s**3/6 + 308*s**2. Determine q(-2).
27
Suppose -2*c - k = 2 - 6, -5*c - 5*k = -10. Let j(q) = -c - 2 - 5*q - 3*q - q**2. Determine j(-6).
8
Let d(p) = 3*p**3 - 2*p**2 + p. Suppose -1 = -5*y - 2*s + 9, -5*y + 30 = -2*s. Suppose 3*a + y = 7. Determine d(a).
2
Let o(i) = -i + 17. Let s be o(12). Let v(m) = m**2 - 10 + s + 2*m**2 - 2*m**2 - 2*m. Let r be ((-16)/12)/((-1)/3). Determine v(r).
3
Let i(c) = 4*c**3 + 9*c**2 + 2*c - 9. Let n(m) = -7*m**3 - 18*m**2 - 3*m + 18. Let f(x) = -5*i(x) - 3*n(x). Suppose -29*u = 224 + 37. Determine f(u).
0
Let k(d) = -8*d + 0 + 5 + 2 + 1 + 7*d**3 + 4*d**2. Let w(o) = o**3 + o**2 - o + 1. Let a = 30 - 24. Let y(m) = a*w(m) - k(m). Give y(-2).
10
Let j be (-6)/9*3 + 2. Suppose j = -2*m + 10, 3*v + 4*m - 5 = 6*v. Let p(u) = u + 5. Determine p(v).
10
Let t(b) = -49*b**3 + 186*b**3 - 6*b - 48*b**3 + 3 - 47*b**3 - 41*b**3 - 2*b**2. Let r = -5 + 13. Suppose 3*u - r = -2*h, u - 4 = -h - u. What is t(h)?
11
Let x(t) be the first derivative of -t**6/360 + t**5/120 + 3*t**4/8 + 26*t**3/3 - 38. Let h(a) be the third derivative of x(a). Determine h(0).
9
Let o be -6*(24/9 + -1). Let i(b) = -b**3 - 10*b**2 + b - 10. Give i(o).
-20
Let d(l) = 7*l + 9*l + 2 + 0*l - 18*l + 5*l. Let a(c) = -c**2 - 4*c + 10. Let i be a(-6). Calculate d(i).
-4
Suppose 8*f - 13 - 27 = 0. Let p(r) = 4*r + 0 - r**2 + 4 + 1. Let a be p(f). Let z(t) = -t**2 - 6. Give z(a).
-6
Let d = -48 - -50. Let q(x) = -2*x + 3*x**d - 28 + 2*x**3 - x**3 - x**2 + 26. Calculate q(2).
10
Let d(b) = -3 - 7 - b + 3. Let x(h) = -h**3 + 15*h**2 - 14*h - 15. Let v be x(14). Let n = 15 + v. Calculate d(n).
-7
Let m = 83 - 88. Let z(k) = 2*k + 6. What is z(m)?
-4
Let l = -674 + 676. Let a(y) be the second derivative of -y**4/6 - y**3/6 - y**2/2 + 2*y. Determine a(l).
-11
Let u be (-2)/2*(-15)/(-5). Let o(g) = -3*g**2 - g + 2. Let y = -14 - -19. Let b(m) = -7*m**2 - m + 3. Let w(f) = y*o(f) - 2*b(f). What is w(u)?
4
Let o(b) = -b**3 - 5*b**2 + b - 1. Let v be ((-8)/(-4))/(((-12)/5)/6). Calculate o(v).
-6
Let g = 46 + -38. Let x(m) = m - 1. What is x(g)?
7
Let z(b) = b**2 + 11*b + 1. Let o = 262 - 271. Calculate z(o).
-17
Let v be 6*((-15)/(-10))/1. Let k be 21/v + (-3)/9. Let y(i) = 3*i**2 - 5*i + 2. Let l(p) = -2*p**2 + 3*p - 1. Let f(c) = 5*l(c) + 3*y(c). What is f(k)?
-3
Let h(m) = 292*m + 0 + 3 - 289*m - 2*m**2. Give h(-1).
-2
Suppose 5*h = 4*z + 15, z + 6 = 2*h + 3*z. Let s(b) = 4*b**2 + 3*b**3 - 5*b**h + 6 + 3*b + b**3. Calculate s(5).
-4
Let h(l) = -l**2 + 14*l + 13. Let t = -2 + 15. Let s be h(t). Suppose -2*n + 3*x - 7 = -0*x, 2*x = -4*n + s. Let z(i) = -i**3 + 3*i**2 + 5*i. Calculate z(n).
4
Let p = -2857 - -2856. Let q(o) = 16*o + 9. What is q(p)?
-7
Let o(y) = -y**3 - 9*y**2 - 4*y - 7. Let l(b) = b**3 + 10*b**2 + 4*b + 7. Let s(f) = 3*l(f) + 4*o(f). Give s(-6).
17
Let f = -127 - -121. Let o(g) = g**2 + 10*g + 17. Give o(f).
-7
Let q(t) = 4*t - 1. Suppose -4*h + 15 = h. Suppose 0 = -6*j + h*j + 4*m + 13, 0 = j - 3*m - 1. Let y = j + -4. Give q(y).
11
Suppose 4*v = -3*i + 5, 3*v + i - 6*i = 11. Let f(m) = 9*m**2 - 1 - 17*m**3 - 2*m - 8*m**v + 2*m**3 + m. Calculate f(-1).
16
Let d be -6 - (-6 - 28/7). Let c(s) be the first derivative of -d - s - 2*s**2 + 1/3*s**3. What is c(3)?
-4
Let a be (-1)/(-3)*(-24)/8. Suppose 0 = -4*m + 3*m + 3. Let d(h) = h**m - 3*h**3 - 2*h**3 - 2*h**2 + h**2. Determine d(a).
3
Suppose -g - 6*g + 14 = 0. Let y(k) = 3*k**g - 36*k - 5*k**2 + k**2 + 1 + 42*k. Give y(6).
1
Let r(c) = c**3 - 7*c**2 - 4*c - 8. Let x be (-10 + (-91)/(-14))*4/(-2). Calculate r(x).
-36
Suppose 13 = 4*o - 31. Let y(v) = 8 + 19*v - 23*v - v**2 + o*v. Give y(6).
14
Let i(c) = 11*c**2 - c + 1. Let r be 45/(-2) + ((-3)/(-1))/6. Let m be (-1)/(-2)*-1 - 33/r. What is i(m)?
11
Let w(r) = 2*r - 24. Let x(s) = -2*s + 2*s - 4*s + 12 + 3*s. Let d(j) = -6*w(j) - 11*x(j). Give d(8).
4
Suppose 695*l = 4*h + 699*l, -3*h = -2*l + 10. Let k(g) be the third derivative of 0*g - g**2 + 5/24*g**4 + 1/3*g**3 + 0. Give k(h).
-8
Let a(g) = g**2 - 4*g - 8. Let l(z) = 3*z**2 - 14*z - 23. Let h(r) = 7*a(r) - 2*l(r). What is h(5)?
15
Let a be 0 + -4*4/(-16). Let d(u) = -9*u**2 - 9*u - 4. Let q(f) = f**2 + 2*f + 1. Let z(o) = d(o) + 4*q(o). What is z(a)?
-6
Let v(u) = 2*u. Let s(n) = n. Let a(t) = -3*s(t) + 2*v(t). Calcula